 is the hundred millions digit of 768368707?
7
What is the hundred thousands digit of 2165463298?
4
What is the thousands digit of 434275727?
5
What is the units digit of 109319165?
5
What is the hundreds digit of 163607476?
4
What is the millions digit of 1434009205?
4
What is the ten thousands digit of 1436328724?
2
What is the tens digit of 459984808?
0
What is the tens digit of 183681116?
1
What is the tens digit of 1011057784?
8
What is the thousands digit of 69713638?
3
What is the units digit of 291241881?
1
What is the tens digit of 897638917?
1
What is the billions digit of 1252225125?
1
What is the thousands digit of 506897099?
7
What is the hundred thousands digit of 4299521946?
5
What is the thousands digit of 3471234292?
4
What is the units digit of 940008259?
9
What is the units digit of 1853107787?
7
What is the ten millions digit of 13522853?
1
What is the millions digit of 87826298?
7
What is the ten millions digit of 970478230?
7
What is the hundreds digit of 41358695?
6
What is the hundred millions digit of 140636497?
1
What is the units digit of 30930084?
4
What is the hundred thousands digit of 23233426?
2
What is the tens digit of 98159184?
8
What is the millions digit of 3421906?
3
What is the hundred millions digit of 1051497875?
0
What is the thousands digit of 70007067?
7
What is the thousands digit of 37448970?
8
What is the hundreds digit of 37574056?
0
What is the ten millions digit of 3210617918?
1
What is the hundred thousands digit of 1144106378?
1
What is the hundred millions digit of 320550018?
3
What is the ten millions digit of 121017398?
2
What is the units digit of 1915662426?
6
What is the billions digit of 3887706068?
3
What is the ten thousands digit of 2946863823?
6
What is the hundred thousands digit of 217601778?
6
What is the thousands digit of 517821322?
1
What is the hundred thousands digit of 6019057226?
0
What is the hundreds digit of 45190365?
3
What is the millions digit of 36818586?
6
What is the ten millions digit of 66855298?
6
What is the hundred thousands digit of 499917039?
9
What is the tens digit of 1361319742?
4
What is the billions digit of 5721403788?
5
What is the thousands digit of 330377246?
7
What is the thousands digit of 1116146848?
6
What is the hundred thousands digit of 420762643?
7
What is the billions digit of 2786605078?
2
What is the ten thousands digit of 158158500?
5
What is the hundreds digit of 634228119?
1
What is the thousands digit of 256035318?
5
What is the ten thousands digit of 5884524?
8
What is the ten millions digit of 439449967?
3
What is the units digit of 75567350?
0
What is the thousands digit of 493937822?
7
What is the hundreds digit of 1103736775?
7
What is the ten thousands digit of 419055154?
5
What is the ten millions digit of 452058132?
5
What is the ten millions digit of 68765813?
6
What is the ten thousands digit of 2478270546?
7
What is the tens digit of 24628443?
4
What is the millions digit of 132966663?
2
What is the thousands digit of 25343012?
3
What is the units digit of 235526874?
4
What is the millions digit of 6367112572?
7
What is the thousands digit of 23503775?
3
What is the thousands digit of 810290954?
0
What is the hundreds digit of 170417010?
0
What is the ten millions digit of 635239255?
3
What is the tens digit of 6124371705?
0
What is the units digit of 2039971?
1
What is the millions digit of 194591400?
4
What is the hundreds digit of 5788402133?
1
What is the millions digit of 48563547?
8
What is the millions digit of 100327707?
0
What is the billions digit of 6435450498?
6
What is the units digit of 294666402?
2
What is the tens digit of 1588848253?
5
What is the hundred thousands digit of 6310800?
3
What is the thousands digit of 22674523?
4
What is the ten millions digit of 58543458?
5
What is the thousands digit of 65375724?
5
What is the millions digit of 447929714?
7
What is the units digit of 218286985?
5
What is the hundreds digit of 114141746?
7
What is the hundred thousands digit of 87844352?
8
What is the tens digit of 899867116?
1
What is the hundred thousands digit of 6465646822?
6
What is the thousands digit of 827200261?
0
What is the hundreds digit of 629517599?
5
What is the hundreds digit of 3469533693?
6
What is the units digit of 4630675835?
5
What is the thousands digit of 29598522?
8
What is the units digit of 7376724?
4
What is the hundred thousands digit of 3123309230?
3
What is the ten millions digit of 371001425?
7
What is the tens digit of 145265803?
0
What is the hundreds digit of 903617426?
4
What is the hundred thousands digit of 4609493?
6
What is the ten thousands digit of 3013235010?
3
What is the thousands digit of 366775147?
5
What is the units digit of 14406310?
0
What is the hundreds digit of 13246571?
5
What is the thousands digit of 363498112?
8
What is the ten thousands digit of 119855864?
5
What is the thousands digit of 46217788?
7
What is the tens digit of 79322345?
4
What is the hundred thousands digit of 8067085922?
0
What is the units digit of 57701642?
2
What is the millions digit of 193681361?
3
What is the hundred millions digit of 7427419256?
4
What is the ten thousands digit of 19975464?
7
What is the ten thousands digit of 919805626?
0
What is the units digit of 2751947366?
6
What is the ten millions digit of 66649311?
6
What is the tens digit of 110882277?
7
What is the hundred thousands digit of 55694326?
6
What is the thousands digit of 36317292?
7
What is the tens digit of 335284?
8
What is the millions digit of 6119892156?
9
What is the ten thousands digit of 38438668?
3
What is the ten millions digit of 350370681?
5
What is the ten millions digit of 1822689807?
2
What is the ten thousands digit of 211833252?
3
What is the ten thousands digit of 3746300001?
0
What is the units digit of 83921120?
0
What is the millions digit of 44642948?
4
What is the hundreds digit of 636370660?
6
What is the ten thousands digit of 70953721?
5
What is the tens digit of 20067636?
3
What is the tens digit of 83813106?
0
What is the units digit of 43229956?
6
What is the millions digit of 49856120?
9
What is the hundred millions digit of 2476160649?
4
What is the hundred thousands digit of 49878693?
8
What is the ten millions digit of 228737559?
2
What is the millions digit of 1943126167?
3
What is the hundred thousands digit of 2425322124?
3
What is the hundreds digit of 66995984?
9
What is the ten millions digit of 180967978?
8
What is the hundred thousands digit of 64938139?
9
What is the millions digit of 69435333?
9
What is the thousands digit of 2061933?
1
What is the millions digit of 456050775?
6
What is the hundred millions digit of 1867518199?
8
What is the millions digit of 117479316?
7
What is the hundred millions digit of 621015087?
6
What is the tens digit of 1405813342?
4
What is the thousands digit of 130611470?
1
What is the tens digit of 60729190?
9
What is the thousands digit of 2653135026?
5
What is the tens digit of 24569980?
8
What is the hundred thousands digit of 10955742?
9
What is the ten thousands digit of 471641649?
4
What is the tens digit of 55358431?
3
What is the hundred millions digit of 171114594?
1
What is the ten millions digit of 68922171?
6
What is the thousands digit of 323812809?
2
What is the units digit of 2001445817?
7
What is the ten thousands digit of 78256434?
5
What is the millions digit of 733671864?
3
What is the tens digit of 292378096?
9
What is the ten millions digit of 99896049?
9
What is the units digit of 94645640?
0
What is the ten millions digit of 255591378?
5
What is the hundred thousands digit of 47742771?
7
What is the units digit of 6330409?
9
What is the hundred thousands digit of 1595336866?
3
What is the millions digit of 60229495?
0
What is the hundred thousands digit of 9477319985?
3
What is the millions digit of 557116114?
7
What is the hundred millions digit of 182617575?
1
What is the hundreds digit of 5864008?
0
What is the tens digit of 775755206?
0
What is the billions digit of 2094736451?
2
What is the thousands digit of 1937436981?
6
What is the ten thousands digit of 9339762?
3
What is the units digit of 359761028?
8
What is the hundred millions digit of 296020104?
2
What is the thousands digit of 66092727